1931478215?
5, 1973, 195791
List the prime factors of 5379187.
11, 293, 1669
What are the prime factors of 438018926?
2, 271, 808153
List the prime factors of 3739082475.
3, 5, 49854433
What are the prime factors of 35852474?
2, 7, 2560891
List the prime factors of 557986590.
2, 3, 5, 7, 83, 3557
What are the prime factors of 581651054?
2, 290825527
What are the prime factors of 1204964101?
11, 673, 14797
List the prime factors of 5466899320.
2, 5, 113, 1209491
What are the prime factors of 2180132?
2, 545033
List the prime factors of 143832268.
2, 4337, 8291
List the prime factors of 1095404399.
1095404399
What are the prime factors of 1637787160?
2, 5, 5653, 7243
List the prime factors of 86955001.
7, 19, 653797
List the prime factors of 899071602.
2, 3, 11, 13, 19, 131, 421
What are the prime factors of 116302733?
5479, 21227
List the prime factors of 2571208408.
2, 1237, 259823
List the prime factors of 40538942.
2, 20269471
What are the prime factors of 4646905?
5, 929381
List the prime factors of 1519161.
3, 7, 72341
List the prime factors of 8289526085.
5, 1657905217
What are the prime factors of 3745484722?
2, 7, 89, 373, 8059
List the prime factors of 413861497.
7, 8446153
List the prime factors of 8564870.
2, 5, 856487
What are the prime factors of 19190835?
3, 5, 347, 1229
List the prime factors of 78083076.
2, 3, 1811, 3593
List the prime factors of 11056625.
5, 197, 449
List the prime factors of 5267544411.
3, 47, 37358471
List the prime factors of 1988498669.
1988498669
List the prime factors of 50872675.
5, 7, 290701
What are the prime factors of 370659730?
2, 5, 7, 29, 157, 1163
List the prime factors of 30536913.
3, 11, 17, 29, 1877
List the prime factors of 387289500.
2, 3, 5, 13, 19861
List the prime factors of 266321249.
2689, 99041
List the prime factors of 181848314.
2, 90924157
List the prime factors of 701079463.
7, 163, 197, 3119
What are the prime factors of 30244746?
2, 3, 7, 269, 2677
What are the prime factors of 376783384?
2, 47097923
List the prime factors of 350181992.
2, 23, 59, 32257
What are the prime factors of 8295451402?
2, 7, 47, 12607069
List the prime factors of 2704274228.
2, 41, 1483, 11119
What are the prime factors of 38237753?
23, 521, 3191
What are the prime factors of 116640353?
3109, 37517
What are the prime factors of 51936505?
5, 797, 13033
List the prime factors of 1859925270.
2, 3, 5, 7, 8856787
List the prime factors of 128859470.
2, 5, 29, 444343
What are the prime factors of 6085925612?
2, 13, 37, 73, 43331
List the prime factors of 58378403.
61, 317, 3019
What are the prime factors of 483482125?
5, 7, 17, 32503
List the prime factors of 519274733.
907, 572519
List the prime factors of 837128478.
2, 3, 37, 347, 10867
List the prime factors of 11763900.
2, 3, 5, 4357
List the prime factors of 53788700.
2, 5, 7, 43, 1787
List the prime factors of 4180828438.
2, 19, 397, 431, 643
List the prime factors of 92205049.
293, 314693
List the prime factors of 210913749.
3, 23, 1018907
List the prime factors of 19780065.
3, 5, 146519
List the prime factors of 3855559668.
2, 3, 321296639
What are the prime factors of 1368256089?
3, 2593, 175891
List the prime factors of 140795720.
2, 5, 13, 270761
List the prime factors of 2111744673.
3, 234638297
What are the prime factors of 414230707?
11, 37657337
What are the prime factors of 7166770355?
5, 1087, 1318633
What are the prime factors of 3941785120?
2, 5, 7, 13, 97, 2791
What are the prime factors of 270029626?
2, 37, 3649049
What are the prime factors of 1011193572?
2, 3, 37, 53, 97, 443
What are the prime factors of 457826095?
5, 91565219
List the prime factors of 551446678.
2, 275723339
List the prime factors of 511430266.
2, 101, 2531833
List the prime factors of 247273376.
2, 7, 1103899
List the prime factors of 1723654232.
2, 79, 2727301
What are the prime factors of 329689365?
3, 5, 113, 194507
What are the prime factors of 66501805?
5, 19, 79, 8861
What are the prime factors of 145612908?
2, 3, 7, 23, 37, 97
List the prime factors of 416603951.
1193, 349207
What are the prime factors of 3958903325?
5, 13, 211, 57731
List the prime factors of 149286717.
3, 173, 95881
List the prime factors of 103942286.
2, 7, 47, 3361
List the prime factors of 7329907.
13, 17, 1951
List the prime factors of 996546469.
433, 2301493
What are the prime factors of 5081213476?
2, 41, 167, 185527
List the prime factors of 6269705.
5, 13, 96457
List the prime factors of 4566259024.
2, 17, 16787717
What are the prime factors of 317019638?
2, 13, 17, 239, 3001
List the prime factors of 14669380.
2, 5, 11, 131, 509
List the prime factors of 168592530.
2, 3, 5, 23, 163, 1499
What are the prime factors of 335992567?
269, 1249043
What are the prime factors of 794792559?
3, 11, 24084623
What are the prime factors of 319310020?
2, 5, 15965501
What are the prime factors of 497386093?
757, 657049
What are the prime factors of 7949109549?
3, 859, 3084637
What are the prime factors of 218420974?
2, 83, 263, 5003
What are the prime factors of 915109793?
13, 101, 696961
What are the prime factors of 112053650?
2, 5, 2241073
What are the prime factors of 26538744?
2, 3, 19, 58199
List the prime factors of 106447634.
2, 23, 2314079
List the prime factors of 591364790.
2, 5, 59136479
List the prime factors of 3691237799.
181, 20393579
List the prime factors of 39892717.
39892717
What are the prime factors of 35886736?
2, 2242921
List the prime factors of 48713918.
2, 11, 2214269
List the prime factors of 16384461.
3, 31, 41, 4297
List the prime factors of 329636292.
2, 3, 251, 109441
List the prime factors of 559393813.
11, 50853983
What are the prime factors of 130717800?
2, 3, 5, 8069
What are the prime factors of 1030674009?
3, 43, 59, 191, 709
List the prime factors of 44664637.
53, 842729
What are the prime factors of 3732061183?
3732061183
What are the prime factors of 12951366?
2, 3, 31, 179, 389
What are the prime factors of 4594371010?
2, 5, 257, 727, 2459
What are the prime factors of 53067454?
2, 11, 103, 2129
List the prime factors of 1243784253.
3, 1607, 257993
What are the prime factors of 508462241?
7, 157, 462659
What are the prime factors of 190755176?
2, 103, 181, 1279
What are the prime factors of 2011044539?
7, 191, 1504147
List the prime factors of 25662503.
17, 23, 65633
List the prime factors of 106607394.
2, 3, 379, 5209
What are the prime factors of 198323766?
2, 3, 179, 61553
What are the prime factors of 2242278?
2, 3, 43, 2897
List the prime factors of 282836849.
211, 1340459
List the prime factors of 90214636.
2, 4253, 5303
What are the prime factors of 22541052?
2, 3, 1878421
What are the prime factors of 1173184893?
3, 130353877
What are the prime factors of 7234675154?
2, 7, 516762511
List the prime factors of 1701113752.
2, 13, 113, 144751
List the prime factors of 7475038108.
2, 17, 47, 2338873
List the prime factors of 283087359.
3, 389, 26953
What are the prime factors of 20427034?
2, 37, 276041
What are the prime factors of 39043808?
2, 41, 29759
What are the prime factors of 429344300?
2, 5, 7, 11, 37, 137
What are the prime factors of 19824771?
3, 17, 19, 41, 499
List the prime factors of 40655743.
23, 1767641
List the prime factors of 28674917.
557, 51481
List the prime factors of 4361000796.
2, 3, 13459879
What are the prime factors of 245910733?
23, 10691771
List the prime factors of 617519.
7, 19, 4643
What are the prime factors of 46007019?
3, 5111891
What are the prime factors of 262399828?
2, 17, 467, 8263
What are the prime factors of 180302537?
180302537
List the prime factors of 15460044.
2, 3, 1288337
What are the prime factors of 9666618?
2, 3, 13, 123931
List the prime factors of 503163946.
2, 1667, 150919
List the prime factors of 228289055.
5, 109, 373, 1123
What are the prime factors of 514512222?
2, 3, 7, 2411, 5081
List the prime factors of 24410688.
2, 3, 127139
List the prime factors of 116868226.
2, 47, 227, 5477
List the prime factors of 355082250.
2, 3, 5, 473443
What are the prime factors of 50802122?
2, 7, 518389
List the prime factors of 99554564.
2, 29, 53, 16193
List the prime factors of 106978999.
29, 1613, 2287
List the prime factors of 2443094140.
2, 5, 17, 7185571
What are the prime factors of 1102825261?
110